ose -2*v + 24 = -n*v. What is the units digit of -3*(-2 + v/9)?
2
Let d(g) = -4*g**2 + 3*g + 6*g - 6*g + 5. Let c be d(4). Let k = c + 73. What is the units digit of k?
6
What is the hundreds digit of (-35)/(-7) - (1 + -116)?
1
Let o = 736 - 468. What is the tens digit of o?
6
Suppose 2*u = 4*p - 594 - 1644, u = -2*p + 1113. What is the hundreds digit of p?
5
Suppose 2*a = 5*t + 10, -5*t - 6 = 3*a - 2*t. What is the tens digit of 15/6*(a - 356/(-10))?
8
Suppose 0 = 2*c - 81 - 79. Suppose -c = k - 5*k. What is the units digit of (30/25)/(3/k)?
8
Let v(t) = 100*t**3 - 7*t**2 + 17*t - 7. What is the hundreds digit of v(3)?
6
Suppose 1658 = 11*f - 9*f + 5*c, -3*f - 2*c = -2509. What is the hundreds digit of f?
8
Suppose -286 = -14*f + 974. What is the units digit of f?
0
Let m(r) = 149*r - 342. What is the tens digit of m(11)?
9
Let n(x) = -x + 3. Suppose 4*t = 7*t. Let g be n(t). What is the tens digit of (6/(-9))/(g/(-117))?
2
Suppose 0 = 26*y + 538 - 11770. What is the tens digit of y?
3
Let i(u) = 2 - 16*u + 4*u + 7 - 3. Let a be i(-3). What is the tens digit of 0 + a - 9/(-9)?
4
Let g(o) = 3*o**2 - 31*o - 17. What is the hundreds digit of g(-33)?
2
Let i(w) = w**2 + 13*w - 1. Let p be -1*(-7)/((-14)/20). Let s be i(p). Let q = s + 91. What is the units digit of q?
0
Suppose -5*i - 280 + 1335 = 0. Suppose 0*h + 3*h + 2*l = i, 136 = 2*h - l. What is the tens digit of h?
6
Let d(f) = 31 - 5*f - 63 + 6*f**2 - 5. What is the tens digit of d(-5)?
3
Let l(w) = -10 + 4 + 9 - 1 - 5*w. Let s be (0 - -2)/(-2 - -1). What is the units digit of l(s)?
2
Let t(h) = -5*h - 25 + 15*h**2 - 26 + 46. What is the units digit of t(-2)?
5
Suppose -5*k = 5*f - 2*f + 16, 2*f = -3*k - 10. Let u(s) = s + 4. Let n be u(k). What is the tens digit of (n/4)/(5/250)?
2
Let j(p) be the third derivative of p**5/60 - p**4/24 - 3*p**3/2 + p**2. Let v be j(7). What is the units digit of (-2 - v/6)*-2?
5
Let o = 1243 + -242. What is the tens digit of o?
0
Let u(v) = v**3 - 10*v**2 + 4*v - 35. Suppose 0 = 4*x - 29 - 11. What is the units digit of u(x)?
5
Let l(j) = -j**2 + j. Let x(w) = -32*w**2 + 5*w - 5. Let u(y) = 6*l(y) - x(y). What is the hundreds digit of u(-2)?
1
Let i(q) = 47*q**2 + 2*q - 4. Let h(c) = -45*c**2 - 2*c + 3. Let s(l) = -4*h(l) - 3*i(l). What is the tens digit of s(2)?
6
Suppose 0 = 4*g - 5*g + 4. Suppose -5*q - 221 = -3*k + 147, -3*k = -4*q - 370. Suppose 0 = g*r - r - k. What is the units digit of r?
2
Let t = 693 - 247. What is the tens digit of t?
4
Suppose -35*m + 2914 = -7901. What is the tens digit of m?
0
Let w(q) = 142*q**3 - q**2 - 3*q + 5. What is the tens digit of w(1)?
4
What is the units digit of (-5554188)/(-2460) + ((-4)/(-2))/10?
8
Let f = 57 + -109. Let c = 156 + f. What is the hundreds digit of c?
1
Let i(k) = -k**2 - 5*k + 26. Let w be i(-8). Suppose 141 = 2*l - 3*h, -w*l = -5*h + 31 - 174. What is the tens digit of l?
6
Suppose 2*h = 4*h - 5*w + 20, 0 = -3*h + 2*w - 8. Suppose h*u + u - 39 = 0. What is the tens digit of u?
3
Suppose 9*c - 17*c = -592. Let h = 75 - c. What is the units digit of h?
1
Let t be ((-24)/14)/(9/(-189)). Suppose 4*a + 5*b = t, -5*a + 3*b = -a - 4. What is the units digit of a?
4
Let j = 172 + -106. What is the tens digit of j?
6
Let k = 435 + -9. What is the hundreds digit of k?
4
Suppose a + 437 = c, -2*a = -c - 0*c + 434. What is the hundreds digit of c?
4
Let f(a) = 84*a**2 - 293*a - 7. What is the tens digit of f(8)?
2
Let o = 805 + -396. What is the tens digit of o?
0
Let h = 1832 + -722. What is the units digit of h?
0
Suppose -2 = -2*v, 2*v - 7 + 23 = -y. Let z be 115/9 - 4/y. Let w = 15 + z. What is the units digit of w?
8
Suppose s - 27 = -a + 145, 5*s - 864 = -a. What is the units digit of s?
3
Suppose 30*n - 9522 = 14568. What is the tens digit of n?
0
Let x = 111 - -17. Let p(q) = -q**3 + 17*q**2 + 5. Let r be p(17). Suppose -x = -5*s - 4*h, 7*s - 3*s - 106 = -r*h. What is the units digit of s?
4
Suppose -38*q = -19*q - 19000. What is the hundreds digit of q?
0
Let i = -30 + 24. Let d be (-1 - i) + -3 + 0. What is the units digit of -3*124/(-24)*d?
1
Suppose -a = v - 511, 3*v - 5*v - 1558 = -3*a. What is the hundreds digit of a?
5
Let r(y) = y**2 + 5*y - 19. Suppose 5*b + 25 = -40. What is the tens digit of r(b)?
8
Suppose 0 = 18*j - 7*j - 33660. What is the tens digit of j?
6
Let j(c) = c - 7. Let o be j(3). Let f be 3*4/(-6)*o. Let p = f + 18. What is the units digit of p?
6
Suppose 0 = 2*c - c + 3*j + 7, 3*c = -j + 11. Suppose 0 = 2*k - c*k + 141. What is the units digit of k?
7
Let d(v) = -2*v - 2*v**2 - 11 - 3*v + 2 - v**3 + v**2. Let h = 36 + -40. What is the units digit of d(h)?
9
Suppose -16228 = -5*w - 3278. What is the hundreds digit of w?
5
Suppose -d - d = 14. Let y = d + 23. Suppose 4*i - y - 4 = 0. What is the units digit of i?
5
Let b(s) = -3*s**3 - 4*s**2 + 8*s + 11. What is the hundreds digit of b(-5)?
2
Let d(p) = 733*p**2 + 9*p + 2. What is the hundreds digit of d(-1)?
7
Suppose -2*k = -6, 0 = 10*v - 6*v - 4*k - 3068. What is the hundreds digit of v?
7
Let o = 1 - 1. Suppose o = 3*h + h. Suppose 0 = 4*s - h*s - 8, 29 = 3*q + s. What is the units digit of q?
9
Let s(f) = 893*f**2 - f + 1. What is the hundreds digit of s(-1)?
8
Let v(l) = -69*l - 2. Let u = 59 - 61. What is the units digit of v(u)?
6
Let n(y) = 17*y - 7. Suppose 5 = -s, -2*s = 5*m + s - 5. What is the tens digit of n(m)?
6
Let a(g) = g**2 + 8*g + 7. Let o be a(-7). Suppose o = -c + 5*c + 8. Let l(h) = -7*h + 1. What is the tens digit of l(c)?
1
Let r = -236 + 809. What is the hundreds digit of r?
5
Suppose -3*k + 3*f + 504 = 0, -2*k + f + 330 = -4*f. Suppose 5*p = 2*n + k, 3*p = -5*n + 183 - 50. What is the tens digit of p?
3
Suppose -5445 = -80*q + 75*q. What is the tens digit of q?
8
Let c(d) = 91 + 2*d + 150*d**3 + d - 6*d - 89. What is the hundreds digit of c(1)?
1
Suppose 10*w - 188 = 362. What is the units digit of w?
5
Let d(g) = 3*g - 7. Let h be d(-9). Let t = 88 + h. What is the tens digit of t?
5
What is the thousands digit of (-5)/(10/(-3472)) - 0/48?
1
Suppose 5*z - 4*y - 67 = -0*z, 0 = -3*z + 3*y + 39. Suppose -4*c = -t + 111, 3*t - 3*c - z = 282. What is the tens digit of t?
9
Suppose 3*a - 5*i + 112 = 0, -5*i = 4*a + 137 - 46. Let d = 101 + a. What is the units digit of d?
2
What is the tens digit of (3/(-6))/((-6)/8280)?
9
What is the tens digit of ((-4)/8*-2)/((-6)/(-4716))?
8
Suppose 5*c - 6*c = -3. Suppose -m - 1 = -0, -4*b - c*m + 185 = 0. Suppose 3*r - b = -5*k + 86, 2*k - 56 = -4*r. What is the tens digit of k?
2
Let b = 46 + -44. Suppose -4*m - b*x + 148 = 0, -5*m + 2*x = -0*x - 185. What is the units digit of m?
7
Let u(w) = 27*w**2 + 31*w + 110. What is the tens digit of u(-4)?
1
Let k(x) be the first derivative of -x**2/2 - 7*x - 7. Let z be k(-12). Suppose 10 = 5*d - z. What is the units digit of d?
3
Suppose 2*n - 24 = 4*w, 27 = n - 7*w + 2*w. Suppose -n*j - 387 = 4*t - 1211, 2*j = 4*t - 808. What is the units digit of t?
4
Suppose 4 + 11 = 3*y. Suppose -2*b = y*g - 21 - 99, -3*g + 93 = -3*b. What is the tens digit of g?
2
Let v(r) = r**2 - 13*r + 37. Let c be v(9). What is the tens digit of -2*(-1)/(c/((-332)/(-8)))?
8
What is the tens digit of (216 - 97) + -2*1/(-1)?
2
Let s be 125/(-5) - (1 - 0). Let q = 56 + s. What is the units digit of q?
0
Suppose 188*r = 192*r - 6096. What is the units digit of r?
4
Suppose 992 + 1465 = 9*y. What is the units digit of y?
3
Let x = 40 + -36. Suppose -3*t + 4*g - 65 + 409 = 0, -4*t + 456 = -x*g. What is the tens digit of t?
1
Suppose -29*x = -32*x + 1803. What is the tens digit of x?
0
Let i = 2013 + -1023. What is the tens digit of i?
9
Suppose 0 = -3*t - 9, -3*t + 0 = 3*o + 6. Let a(j) = 1 + 14*j**3 + 0 + 5*j**3. What is the units digit of a(o)?
0
Suppose 0 = -r - 2*b - 24, -2*r - b = 2*b + 45. Let l be ((-2)/(-4))/((-1)/r). Let j = 18 - l. What is the units digit of j?
9
Let q be 1/(3*(-1)/33). Let n = q - -28. What is the tens digit of n?
1
Suppose 83 = 68*n - 67*n. Let v = -32 + n. What is the tens digit of v?
5
Let f be 1*12*(-21)/(-84). What is the tens digit of -1*(-190)/f*12/5?
5
Let b = -4 - -6. Suppose 2*a + 20 = 4*j, 20 = b*a + 2*a + 4*j. What is the units digit of (-10)/(-2 + a - -1)?
0
Suppose 0 = -5*o + 2*n, 0 = o + 3*o - 2*n. Suppo